ber?
False
Let j(c) = 16*c**2 - 5*c - 32. Is j(9) a composite number?
True
Suppose -100 = -0*c - 5*c. Let r = c + 17. Is r prime?
True
Let n be ((-4)/(-2))/(4/182). Let f = n + -52. Is f a composite number?
True
Let s(r) = 3*r**2 - 9*r - 13. Is s(11) a composite number?
False
Let k(a) = -11*a - 2. Suppose -3*o = -5*u - 43, 27 = -4*u - 0*u - 5*o. Let r = u - -3. Is k(r) composite?
False
Suppose 0 = -3*t - 0*m + 4*m - 10, -3*m = 3*t + 3. Let z be 13/(t/(-14) + 0). Suppose 0 = 2*f + 3*g - 56, 5*f + z = 2*g + 250. Is f a prime number?
True
Let o be ((-4)/(-2))/(-2) + 7. Let u = o + -8. Let j(b) = -14*b**3 - b**2 - 4*b - 3. Is j(u) a composite number?
False
Let b be (0 - 1) + 173*3. Is (-3)/(-12)*2*b composite?
True
Let y = 13 + -10. Suppose -y*x + 124 = x. Is x composite?
False
Suppose 2*l - 35 = 4*i + 5*l, 31 = -2*i + 3*l. Is (-6)/(-24) + i/(-4) prime?
True
Let s(g) = -56*g - 1. Let t(z) = -z**2 + 8*z - 2. Let d be t(8). Let x be s(d). Suppose 5*q + 36 = x. Is q composite?
True
Let a be (2/3)/(2/6). Let f be 100 - 0*(-3)/(-12). Suppose f = 2*y + a*y. Is y a composite number?
True
Let a(d) = 52*d**3 + d**2 - d + 1. Is a(2) composite?
False
Suppose g - 5233 = -w + 6*g, 4*g = 2*w - 10442. Is w prime?
False
Let f(b) = b**2 + b. Let s(r) = -4*r**2 - 3*r + 3. Let l(h) = -5*f(h) - s(h). Let t be l(-3). Is 1/1 - (t + 4) composite?
False
Let s(x) = -x**2 - x + 371. Suppose v + 2*v + 9 = 0. Let g be (3 + v)/(3/1). Is s(g) prime?
False
Let y(g) be the first derivative of 11*g**6/120 - g**5/30 + g**4/8 - g**3 + 2. Let b(p) be the third derivative of y(p). Is b(2) a composite number?
False
Suppose 2*g - 3*y = y + 506, -1042 = -4*g + 2*y. Is g composite?
False
Let j(n) = -n**2 - 2*n + 4. Let g be j(3). Is (-981)/(-11) - (-2)/g prime?
True
Suppose 0 = -4*h + 2*h. Let b(d) = 6*d + 0 + 2 + 8*d**2 - 3*d**2 + h*d**2. Is b(-5) composite?
False
Suppose 4*g = -4*r - 8, -4*r - 10 = -2*g - 26. Let k be g/10 - 776/10. Let i = 155 + k. Is i prime?
False
Suppose -4*k = 4*i + 4, -3*i = k + 6 - 3. Suppose 0*r + b = -r + 83, k = -5*r - 2*b + 427. Is r prime?
False
Is (22 + -24)*(1043/(-2))/1 a composite number?
True
Let n be (-1)/(-2) - 53/(-2). Suppose -c - n - 21 = 0. Let l = c - -85. Is l composite?
False
Let s(r) = -r**3 + r**2 + r + 1. Let a be s(-1). Let i(d) = -3*d + 0*d**3 - d**3 - 2*d**a + 3 + 12*d**3. Is i(2) a prime number?
False
Let k = 1499 + -116. Is k prime?
False
Let r be 3/6*(-1 - -1). Suppose -5*w = -2*y + 1135, y + 4*y - w - 2826 = r. Is y composite?
True
Let t(c) be the first derivative of c**3/3 + 7*c**2/2 + 4*c - 1. Let q be t(-7). Suppose 0 = q*w - 0*y - y - 1779, -1330 = -3*w + 5*y. Is w prime?
False
Suppose 0 = -5*v - 4*p + 459, -5*v + 4*p + 475 - 24 = 0. Is v prime?
False
Suppose -2*i - 37 = 1. Let h = 30 - i. Is h composite?
True
Suppose 2*q = q + 3. Suppose -404 = -u - q*g, -2*u - 1224 = -5*u + 3*g. Is u prime?
False
Let f be 22/(-4) + 33/22. Let a = f - -37. Is a a prime number?
False
Suppose -4*i + 0*i + 16 = 0. Let v(n) = 7*n - 6. Is v(i) a prime number?
False
Suppose 2*o = 3*o + 2. Is o - 4/(4/(-21)) a composite number?
False
Suppose 3*g - 3*j = -0*j + 15, 3*g = 4*j + 15. Suppose 0 = -2*f + 5*i + 22 + 7, g*f - i - 107 = 0. Is f a composite number?
True
Suppose 12414 + 10016 = 10*u. Is u a prime number?
True
Suppose 2*n + 162 = 3*n. Let h be (-2 - -1) + 1 + n. Let z = h + -13. Is z a composite number?
False
Let u(o) = o**2 + 3*o + 516 - 3*o + 203 + 2*o**3. Is u(0) a prime number?
True
Suppose 23 = 5*h + 2*q, 0 = 3*h - 6*q + 2*q - 19. Suppose 4*c - 4*k + 7*k = 87, -4*k + 109 = h*c. Is c prime?
False
Let c be ((-4)/(-3))/(6/27). Let b = c - 2. Suppose 55 = 2*a + 3*q + 2, -71 = -b*a + q. Is a a composite number?
False
Suppose -5*f + 404 = -2*x - 235, -4 = 2*x. Is f prime?
True
Let p(b) = -5*b**2 - b + 1. Let g(j) = 14*j**2 + 3*j - 3. Let c(v) = -2*g(v) - 7*p(v). Is c(-2) prime?
False
Let j(y) = 6*y**2 - 4*y - 1. Let x be 2*3 - (3 - 1). Is j(x) a prime number?
True
Let m(p) = 8*p - 4. Let h be m(5). Let b = 133 - h. Is b composite?
False
Let b(t) = -120*t - 43. Is b(-6) prime?
True
Let a = 3021 - 2054. Is a prime?
True
Suppose -5*h + h - 20 = 0, 4*z = -3*h - 7. Suppose -t + 62 + 50 = z*k, 0 = -2*k + 4*t + 132. Is k composite?
True
Let p = -4 - -2. Let s be (p - 77) + 1 + -1. Let b = s - -114. Is b prime?
False
Let c(j) = 2*j - 3*j**2 - 36*j**2 + 95*j**2 + 166*j**2 + 1. Is c(-1) a composite number?
True
Suppose 5*z - 15 = -2*q - 3*q, -5*q - 1 = -3*z. Suppose 0 = f - z*o - 27, -2 - 26 = -f + 3*o. Is f a composite number?
True
Let a = -10 - -19. Let i = 12 - a. Is i composite?
False
Let q(o) = 4*o**2 - 44*o - 6. Let j(v) = -v**2 + 9*v + 1. Let r(p) = -11*j(p) - 2*q(p). Let i(f) be the first derivative of r(f). Is i(8) a prime number?
True
Suppose 3*i + 2*i + 5*b = 30, -28 = -4*i - 2*b. Suppose -7*h = -i*h + 74. Is h composite?
True
Let p(t) = -12*t + 5. Let k(d) = -d**2 - 3*d + 6. Let g be k(-5). Is p(g) composite?
False
Let t(l) = -l**2 - 9*l - 10. Let n be t(-7). Suppose -4*s + 8 = -n*p, -4*p - 3*s + 8 = s. Suppose 97 = 2*f + 3*o, p*f + f = 4*o + 43. Is f prime?
True
Let z be 2 + 9/3*-8. Is 1439/11 + (-4)/z prime?
True
Let y(l) = 11*l**2 - 3*l + 4. Is y(3) prime?
False
Let t be 3*49*21/9. Suppose 0 = 4*h - 3*s - 20, 0 = -0*s - 2*s + 8. Suppose t - h = 5*c. Is c a prime number?
True
Let o be 35/14 - (-1)/(-2). Let j(s) = s**3 + 5*s**2 - s. Let g be j(-5). Suppose m + o*r - 38 = -3*m, g*m = 3*r + 53. Is m a prime number?
False
Let t = -437 + 2349. Is 1/3 + t/6 a prime number?
False
Suppose 18 = 3*i - 3*u, 3*i + 4*u = -0 + 11. Let q = 5 - i. Suppose q = j + 5*z - 15, -2*z - 5 - 33 = -4*j. Is j a composite number?
True
Let q(m) = -m**2 + m + 209. Let n = 18 + -18. Is q(n) a composite number?
True
Let i = 1 + -7. Let g = -8 - i. Is 2 + 74 - (g + 1) prime?
False
Let s be 1 - (-23*1 + 0). Let o = 2 + s. Suppose 3*f + o = -j + 176, -6 = -2*j. Is f prime?
False
Is 4/14 - 1145/(-35) a composite number?
True
Suppose 2*b - 1610 = -8*b. Is b prime?
False
Let y = -45 + 130. Is y a composite number?
True
Suppose -2*w + 289 = -225. Is w a prime number?
True
Let l(k) = -42*k**3 - k**2 - k + 1. Is l(-2) prime?
False
Suppose -2*f + 891 = 5*l, -3*f - 11 + 5 = 0. Suppose -2*p - 2*m = -69 - 1, -3*m = 5*p - l. Is p a composite number?
False
Let b(k) = 2*k - 1. Let m be b(2). Suppose 132 = m*u - 33. Is u prime?
False
Let y = -29 + 41. Suppose -p - y = -4*p. Suppose 0*w - 4*w = -2*r + 70, -p*w - 169 = -5*r. Is r composite?
True
Suppose 4*b + 1803 = 4991. Is b a prime number?
True
Suppose 2*f = 4*f - 20. Suppose 6*k - k = -f. Is (4/k)/((-4)/38) prime?
True
Suppose -g - 6 = -3*g - 2*k, 3*k = 2*g - 11. Suppose -3*o = -g*w + 5, 4*o = w + 5*o - 3. Is (75/(-6))/((-1)/w) prime?
False
Let o(a) = -a**2 + 25*a. Let k be o(12). Suppose k = 5*r + 26. Is r a composite number?
True
Suppose -8886 = 9*p - 12*p. Suppose 5*y - 183 = p. Is y prime?
False
Suppose c + 5*i + 12 = 0, -3*c + 6*c + 3*i = -12. Is 237/(-2)*c/3 prime?
True
Let n(k) = 9*k**3 + 4*k**2 - 11*k + 7. Is n(5) prime?
False
Let f(m) = -95*m + 6. Is f(-5) a composite number?
True
Let v(t) = t**3 - 6*t**2 - 17*t + 13. Is v(11) a prime number?
True
Suppose 5*h - 418 = q, -2*h - q + 160 = q. Let s = 189 - h. Is s a prime number?
False
Let k = -746 + 1399. Is k a composite number?
False
Let v(n) = -342*n + 17. Is v(-7) a prime number?
True
Suppose -y - 3 = 4*m - 15, 0 = -2*m - 2*y. Suppose -h = -m*h. Suppose 3*u - 216 - 33 = h. Is u composite?
False
Is ((-46)/8 - -1)*-164 a prime number?
False
Let l(f) = 2*f + 2. Let b be l(6). Suppose d = o + 2*o - b, 5*o + 2*d - 5 = 0. Suppose o*u = 2 + 4. Is u a prime number?
True
Let a = 133 + -62. Is a prime?
True
Let d(o) = o**2 + 1. Let a be d(-1). Suppose 3*v + 9 - 124 = -4*f, -2*v - 40 = -a*f. Suppose -5*z = -f, 0*g - 4*z = 5*g - 85. Is g a prime number?
True
Let b(x) = 72*x. Let j be b(1). Let n be (-165)/9 - -6*1/(-9). Let i = j + n. Is i composite?
False
Let f(i) = -i**2 - 3*i - 6. Let b be f(-3). Is (48/(-28))/(b/21) a prime number?
False
Let s(w) = -w**2 + 6*w + 5. Let c be (2 - 0)/4*12. Let l be s(c). Suppose 0*o + 65 = l*o. Is o composite?
False
Let z(j) = 673*j**2 - 2*j - 2. Is z(-1) prime?
True
Suppose 85 - 1 = 6*p. Is p prime?
False
Let d be (0 - 1)/(4/(-16)). Suppose 18 = 5*